
Is 210 a factor of 31256517?
False
Does 1632 divide 410771136?
True
Is 84 a factor of 25832688?
True
Does 234 divide 211746610?
False
Is 31477152 a multiple of 14?
True
Is 37622261 a multiple of 71?
True
Does 39 divide 391052922?
True
Is 5 a factor of 11514386?
False
Is 207079716 a multiple of 6?
True
Is 429892967 a multiple of 7?
True
Is 17514963 a multiple of 4527?
True
Does 15 divide 13303777?
False
Is 951 a factor of 593639181?
False
Is 86 a factor of 16146663?
False
Does 14 divide 20324864?
True
Is 6271043904 a multiple of 144?
True
Does 309 divide 47298939?
True
Is 83607546 a multiple of 2658?
False
Is 40042572 a multiple of 1093?
False
Is 246 a factor of 2472647352?
True
Is 29 a factor of 1708253?
False
Does 429 divide 3529741601?
False
Is 1785166244 a multiple of 19?
False
Is 478128260 a multiple of 4375?
False
Is 12487435 a multiple of 39?
False
Is 19790343 a multiple of 91?
False
Is 34 a factor of 5009583?
False
Does 107 divide 23380035?
True
Does 287 divide 2353563?
False
Is 2031 a factor of 5468980452?
False
Is 167915928 a multiple of 4866?
True
Does 147 divide 32113326?
True
Is 353389322 a multiple of 19?
True
Is 9587850 a multiple of 82?
True
Is 77775562 a multiple of 254?
True
Does 18 divide 59205535?
False
Is 953 a factor of 639311473?
True
Is 23 a factor of 25645484?
False
Is 39812844 a multiple of 353?
False
Is 320373065 a multiple of 155?
True
Is 8787101 a multiple of 4?
False
Does 15 divide 235121640?
True
Is 7 a factor of 31616795?
True
Is 362 a factor of 868844123?
False
Does 843 divide 139375719?
True
Does 18 divide 7461144?
True
Is 3260236922 a multiple of 197?
True
Does 24 divide 139566220?
False
Is 509707957 a multiple of 187?
True
Is 10894174 a multiple of 338?
False
Is 18 a factor of 1507120542?
True
Does 198 divide 1171037591?
False
Is 32 a factor of 442358404?
False
Does 1025 divide 6080219025?
True
Is 12 a factor of 20743242?
False
Is 396 a factor of 169422018?
False
Is 632664 a multiple of 355?
False
Is 9395242 a multiple of 214?
True
Is 1130103698 a multiple of 6?
False
Does 64 divide 17315584?
True
Is 88 a factor of 224059264?
True
Is 158 a factor of 342172068?
True
Does 116 divide 1342309892?
True
Is 204005915 a multiple of 37?
False
Is 698831439 a multiple of 246?
False
Is 101473306 a multiple of 22?
True
Does 81 divide 57601611?
True
Is 183 a factor of 101784051?
True
Does 1793 divide 2405707458?
False
Does 496 divide 574017228?
False
Does 13 divide 15475213?
True
Is 122995322 a multiple of 38?
True
Is 64583229 a multiple of 1755?
False
Does 1437 divide 5967861?
True
Is 7730083 a multiple of 197?
True
Does 68 divide 11003183?
False
Does 79 divide 58684681?
False
Is 27679911 a multiple of 2?
False
Is 1652659504 a multiple of 794?
False
Is 40 a factor of 10661520?
True
Is 14 a factor of 107580914?
True
Is 134572743 a multiple of 228?
False
Is 1027 a factor of 266873005?
False
Is 3798497 a multiple of 196?
False
Is 90 a factor of 2857198906?
False
Is 33 a factor of 3859014456?
True
Is 1625 a factor of 366552976?
False
Does 22 divide 942817303?
False
Is 21 a factor of 28650369?
False
Is 1525 a factor of 71057375?
True
Does 990 divide 8241750?
True
Is 164 a factor of 2667584136?
False
Is 588245064 a multiple of 22?
True
Is 346 a factor of 29411195?
False
Is 734503363 a multiple of 11?
True
Is 41 a factor of 3488854?
True
Is 199058405 a multiple of 91?
True
Is 56462138 a multiple of 1943?
False
Does 428 divide 1769557524?
False
Is 1603588275 a multiple of 2505?
True
Does 204 divide 41011397?
False
Is 103988150 a multiple of 35?
True
Is 165101813 a multiple of 4599?
False
Is 66659093 a multiple of 26?
False
Is 8 a factor of 11274022?
False
Is 275363290 a multiple of 83?
True
Is 4 a factor of 1590077076?
True
Is 126983296 a multiple of 7?
False
Does 589 divide 116189674?
True
Is 15 a factor of 12927825?
True
Is 12 a factor of 644559503?
False
Is 132 a factor of 12079320?
True
Does 15 divide 8208405?
True
Is 180 a factor of 1888835940?
True
Is 128530420 a multiple of 4?
True
Is 20273482 a multiple of 355?
False
Does 811 divide 9016855?
False
Is 29047832 a multiple of 187?
True
Is 105512852 a multiple of 38?
True
Is 33 a factor of 710823426?
False
Does 173 divide 208177379?
False
Is 1145 a factor of 98882200?
True
Is 147387664 a multiple of 16?
True
Is 32395352 a multiple of 18?
False
Is 327321606 a multiple of 1263?
True
Is 29 a factor of 64746576?
False
Is 110 a factor of 66440311?
False
Does 7389 divide 513061938?
False
Is 37 a factor of 387893237?
True
Is 215141353 a multiple of 526?
False
Is 471 a factor of 7462138?
False
Does 96 divide 333508896?
True
Is 61009455 a multiple of 228?
False
Is 51 a factor of 1144332594?
True
Is 88 a factor of 331834008?
True
Is 68 a factor of 11899574?
False
Does 54 divide 1384652394?
True
Is 1701 a factor of 167779836?
True
Is 674538924 a multiple of 82?
False
Is 2361084 a multiple of 66?
True
Is 46836842 a multiple of 82?
True
Does 3086 divide 121151996?
False
Does 20 divide 358165045?
False
Does 1924 divide 48289259?
False
Does 42 divide 13971678?
True
Is 679 a factor of 474852163?
False
Does 269 divide 253196535?
False
Is 4 a factor of 935705452?
True
Is 1505 a factor of 61927740?
True
Does 33 divide 1573938861?
True
Is 64 a factor of 2511616?
True
Does 7 divide 201252819?
False
Is 739245840 a multiple of 6231?
True
Is 321 a factor of 25433151?
True
Is 771923751 a multiple of 290?
False
Is 38305641 a multiple of 12?
False
Is 268755011 a multiple of 5?
False
Is 4 a factor of 33337865?
False
Is 15056340 a multiple of 1990?
True
Is 907749269 a multiple of 14?
False
Is 26073672 a multiple of 1038?
False
Does 75 divide 187859325?
True
Is 94002300 a multiple of 84?
True
Is 86091552 a multiple of 54?
True
Does 126 divide 306491212?
False
Is 207239466 a multiple of 3527?
True
Does 15 divide 365616882?
False
Is 1728 a factor of 5673024?
True
Is 32 a factor of 19286624?
True
Is 25 a factor of 107821?
False
Is 276710490 a multiple of 70?
True
Is 87 a factor of 122445131?
False
Is 121628304 a multiple of 3888?
True
Is 5 a factor of 33372333?
False
Does 2030 divide 163980222?
False
Does 2204 divide 13824180?
False
Is 63 a factor of 14255473?
False
Does 8 divide 1006434640?
True
Does 5839 divide 456960323?
False
Does 17 divide 11931063?
False
Is 66151396 a multiple of 124?
True
Is 431399664 a multiple of 144?
True
Is 5374090 a multiple of 5?
True
Is 13512300 a multiple of 60?
True
Is 82 a factor of 20252203?
False
Is 12 a factor of 801745104?
True
Does 20 divide 546588?
False
Is 55 a factor of 105856681?
False
Is 895361730 a multiple of 866?
True
Does 11 divide 66552530?
True
Does 58 divide 370544542?
True
Is 112535090 a multiple of 149?
False
Is 10721446 a multiple of 3?
False
Is 9 a factor of 102221142?
False
Is 369172582 a multiple of 3602?
True
Is 283 a factor of 230879185?
False
Is 400 a factor of 4148432?
False
Is 2825 a factor of 27882750?
True
Is 103450475 a multiple of 232?
False
Is 6329875748 a multiple of 586?
False
Is 269323135 a multiple of 10024?
False
Does 243 divide 155476017?
True
Does 9 divide 55703160?
True
Does 133 divide 56682501?
False
Is 2086503106 a multiple of 5?
False
Is 24 a factor of 1124770701?
False
Does 185 divide 42466525?
False
Does 35 divide 170894815?
True
Is 353 a factor of 26202430?
False
Is 956940426 a multiple of 186?
True
Is 14906 a factor of 2499893860?
False
Is 1136303764 a multiple of 81?
False
Does 51 divide 6252192?
True
Is 760934457 a multiple of 345?
False
Does 135 divide 3511620?
True
Is 1818 a factor of 116009349?
False
Does 6450 divide 686529150?
False
Is 10317537 a multiple of 27?
True
Does 94 divide 3465750?
False
Is 623163775 a multiple of 6?
False
Is 102815491 a multiple of 281?
False
Does 2087 divide 81293760?
False
Is 56 a factor of 236045432?
True
Is 277960 a multiple of 115?
False
Does 14 divide 21984214?
True
Is 4736 a factor of 1915314176?
True
Is 3 a factor of 15258023?
False
Does 12 divide 2071543045?
False
Does 1533 divide 189925357?
False
Is 807529888 a multiple of 326?
False
Is 3 a factor of 42538088?
False
Is 151 a factor of 40024863?
False
Is 25 a factor of 49991400?
True
Is 418 a factor of 48152816?
False
Does 28 divide 11630390?
False
Is 4439188 a multiple of 10?
False
Is 11 a factor of 513418976?
False
Does 54 divid